**2 - 3*k + 3. What is n(f)?
-7
Let v be -5 - 6/(-6 + 0). Let u(k) be the third derivative of -k**6/120 - k**5/15 - k**4/24 - k**2. Determine u(v).
4
Let w(p) be the first derivative of -p**2 + 3*p - 2. Let k be -3*(-2)/(-2) + 7. Calculate w(k).
-5
Suppose -2*u - u + 12 = 2*f, f = 3. Let z(t) = u*t - t + 2*t - 10 + 12. Give z(3).
11
Suppose -4*b + 2*t - 4 = 5*t, -3*b + t = 16. Let g(h) = 2*h + 3. What is g(b)?
-5
Let f(i) = -i - 4. Suppose 5*a + 38 = c, 2*a + 9 = c - 8. Let v = a + 3. What is f(v)?
0
Let l(q) = 10 + 9 - 20 + q. Determine l(2).
1
Let j be (-4)/(-4) - 9/(-3). Let m(t) = t**2 - 3*t + 1. Give m(j).
5
Let p(q) = -q**2 - q - 1. Let g be (8/(-12))/((-4)/(-6)). Let n(s) = -s**3 + 2*s**2 + 2. Let w be (-2)/10 - 68/85. Let i(f) = g*p(f) + w*n(f). What is i(0)?
-1
Let y be (5 - (-2 - -5)) + (-5 - 1). Let w(s) be the third derivative of s**5/60 + s**4/6 - 5*s**3/6 + s**2. Calculate w(y).
-5
Let v be (-76)/(-13) + 2/13. Let t(a) = 2*a - 7. Determine t(v).
5
Let i(t) be the second derivative of -t**6/90 - t**5/60 - t**4/12 + 4*t**3/3 + 5*t. Let v(o) be the second derivative of i(o). Determine v(-2).
-14
Let y(w) be the second derivative of -w**4/12 - 2*w**3/3 + w**2/2 - 40*w. Let q(s) = -s - 5. Let r be q(-6). Let a be ((-6)/r)/1 + 2. Calculate y(a).
1
Let a(f) = f**2 + 11. Let q(w) = w**2 + 10*w + 24. Let p be q(-4). Determine a(p).
11
Let b(a) = 0 - a**3 + a - 2*a - 1 - 4*a**2. Suppose 8 = -4*o, -4*c - 2*o = -8*c - 56. Let z = 11 + c. Calculate b(z).
3
Let y(z) = -z**2 + 5*z + 6. Let v be y(5). Let w(j) = 3*j - 9. Calculate w(v).
9
Let k(z) = 4*z**2 + 3*z**3 + 0*z**3 - 2*z**3 - 4*z + 0*z + 3. Let q be -10*3*1/6. Determine k(q).
-2
Let k(t) = -t - 3. Suppose -4*o + 20 = 2*l - 6*l, 0 = 3*o + 3*l - 9. Give k(o).
-7
Suppose -z = z - 4. Let k(u) = 10*u**2 - u - 1. Let o be k(-1). Let x be z/o - 45/(-25). Let g(p) = p**2 - 1. What is g(x)?
3
Let i(n) = -2*n - 1. Suppose -3*y + 2*h - 2 = 8, 5*h - 18 = 4*y. Give i(y).
3
Suppose 5*q - 1 = 4. Let m be (-1)/q + (0 - 2). Let b(n) = -n + 1. Give b(m).
4
Let a(r) = -r**2 + 5*r - 4. Suppose 3 - 1 = b. Suppose b*i - 8 = y, -y = 3*i - 6*y + 2. Determine a(i).
-10
Let s(t) be the third derivative of t**5/40 + t**4/8 - 5*t**3/6 - 7*t**2. Let y(f) be the first derivative of s(f). What is y(-5)?
-12
Let v(m) = m**2 + m. Let x(l) = -l**3 - 7*l**2 - 7*l - 3. Let t(o) = 4*v(o) + x(o). Give t(-2).
-1
Let x(g) = -g**3 + 5*g**2 + 5*g - 1. Suppose 0 = h - 2, 6*o = 2*o + 3*h + 18. Calculate x(o).
-7
Let h(o) = -o**3 + 6*o**2 + 6*o + 1. Let q be h(7). Suppose 0 = -5*j + 10 - 0. Let m(y) = -4 - j*y - 2 + 1 - 4. Calculate m(q).
3
Let g = 10 - 8. Let q(i) = -1 - 1 - 14*i + i**3 + 4*i**g - 15*i + 23*i. Determine q(-5).
3
Let c(o) = -2*o - 5. Suppose 0*r + 4*h = -r - 10, 0 = 5*r + 2*h + 32. Determine c(r).
7
Let h(s) = -4*s**2 - 1. Suppose 5*v = -5*u + 45, -4*u + u - 43 = -2*v. Let z be v/10 + (-8)/20. Determine h(z).
-5
Let d(s) = -3*s**3 - s**2 + s. Suppose -3*a - 7*o + 4*o + 12 = 0, 2*a = 4*o - 10. What is d(a)?
-3
Let a(m) = -m + 2. Let k = 8 + -9. Let v be k/(42/15 + -3). Give a(v).
-3
Suppose 5*q - q + 3*w = 0, 5*w = -2*q. Let f(t) = t**3 + 7. What is f(q)?
7
Let c(t) = -2*t - 6. Suppose 5*p + 5*w = -50, 3*w + 34 = -5*p - 8. Let n be (-14 + -1)*4/p. Suppose 3*s = -n - 5. Determine c(s).
4
Let n = -3 - -4. Let z(t) = -n + 0*t - t + t - 2*t. Let o be (2/2)/((-1)/5). Calculate z(o).
9
Let u(x) = x**3 - 6*x**2 + 3*x - 9. Let t be (-2*(-4 - 2))/(3 + -1). What is u(t)?
9
Let v(c) = -c + 1. Let h(f) = 4*f**2 + 3*f. Let t(w) = -5*w**2 - 2*w. Let z(a) = -6*h(a) - 5*t(a). Let l(u) = 3*v(u) - z(u). Let y = 13 + -8. Give l(y).
3
Let s(p) be the first derivative of p**2 + 11*p - 59. Calculate s(-8).
-5
Let a(p) = p**2 - 2. Let k be (8/8)/((-1)/4). Calculate a(k).
14
Let z(p) = -3*p - 7. Let j(b) = 13*b + 29. Let i(t) = -2*j(t) - 9*z(t). What is i(4)?
9
Suppose -4*j + 6 = -j. Let n be 2 + 2 + -2 - j. Let t be 2/(-2) + 0 + n. Let c(s) = 6*s**3 - 1. Calculate c(t).
-7
Suppose -4*c - 13 = 3. Let s(b) = -b - 8. What is s(c)?
-4
Let v(w) = w**2 - 5*w - 5. Let j = 43 - 38. What is v(j)?
-5
Let j(d) be the second derivative of -1/5*d**5 + 0*d**2 + 2*d + 0*d**4 + 0*d**3 + 0. Suppose -p = -6*p + x - 5, 5 = -5*p - x. Calculate j(p).
4
Let a(f) = -f**3 + 2*f**2 + f. Suppose -50*j - 12 = -54*j. Calculate a(j).
-6
Let r(q) = -2*q - 3. Let g(p) = -6*p - 8. Let f(d) = 3*g(d) - 10*r(d). Calculate f(-6).
-6
Let u(r) = r**2 + 3*r + 3. Let h = 19 + -5. Let x = h - 9. Let n = x - 8. Calculate u(n).
3
Suppose -2*s = 2*s - 64. Suppose -3*w = s + 2. Let r(g) = g**3 + 5*g**2 - 5*g - 2. Calculate r(w).
-8
Let v(g) = g**3 - 2. Let w(j) = -j + 10. Let b(o) = o + 16. Let d be b(-9). Let f be w(d). Let p be (f - 3)*2/4. Determine v(p).
-2
Let m = -12 - -7. Let z(f) be the third derivative of -f**7/5040 - f**6/240 - f**5/60 + 5*f**2. Let j(t) be the third derivative of z(t). Give j(m).
2
Let m(i) = -i**3 - 3*i**2 + i + 2. Let d = 9 - 13. What is m(d)?
14
Let y(w) = 120*w**2 - 35*w - 35. Let u(m) = 10 - 7 - 2*m - 4*m**2 + 5*m - 6*m**2. Let r(v) = 35*u(v) + 3*y(v). Calculate r(1).
10
Let c(x) = -x**2 - 5*x. Let r(v) be the third derivative of v**5/60 + v**4/4 + 2*v**3/3 - 11*v**2. Let s be r(-4). Calculate c(s).
4
Let k(d) = -6*d - 10 - 5*d + 9*d. Give k(-7).
4
Let f(j) = j**2 + j - 17. Suppose -d + 3*a = 6, -3*d + a - 2 = -0. Calculate f(d).
-17
Let n be 1*5/((-15)/(-6)). Suppose -n*k = -4 - 2. Let m(z) = 3*z**k - 2*z**3 - 7*z**2 + 1 + 3*z**2. Give m(4).
1
Let j(w) = -w**2 - 6*w + 4. Let r(x) = x**3 + 11*x**2 + x + 8. Let u be r(-11). Determine j(u).
13
Let f(b) be the first derivative of -b**5/20 + b**3/3 - b**2/2 + b - 2. Let u(d) be the first derivative of f(d). Let a be 3*3/((-27)/6). Calculate u(a).
3
Let n(b) = b**3 + 3*b**2 - 9*b + 6. Let t(s) = -s + 1. Let w(k) = n(k) - 5*t(k). Suppose 3*d = 5*d - 40. Suppose -4*c + 4 = d. Determine w(c).
1
Let s = -91 - -89. Let t(l) = 3*l**2 + 3*l + 3. Calculate t(s).
9
Let v(q) = -q**2 + 2*q + 1. Let n(a) = a + 5. Suppose 2*m = -p, 3*m - 18 = -0*m + 3*p. Suppose -m*r = 3*i - 0*i, 5*i = -4*r - 4. Let z be n(r). Give v(z).
-2
Let x(a) be the third derivative of -a**7/840 + a**6/180 + a**5/30 - a**4/24 - 2*a**3/3 + 2*a**2. Let n(w) be the first derivative of x(w). What is n(3)?
2
Let f(c) = 5*c - 6 - 7*c**2 + 6*c**2 - 6*c**3 - 3*c**2. Let s(y) = -y**2 + y - 1. Let u(m) = f(m) - 5*s(m). Calculate u(1).
-6
Let n(s) = -3*s - 6. Suppose -6 = 4*t - 2*v - 18, 0 = v. Let z be -3 - (1 + (3 - t)). Let r be (2/(-3))/(z/(-24)). Determine n(r).
6
Let l(z) be the third derivative of -z**5/60 + 2*z**3/3 - 16*z**2. What is l(-3)?
-5
Let r(p) = p - 4. Suppose -2*x + 7 = x + 4*j, 2*x + 18 = 3*j. Let k = x - -8. Give r(k).
1
Suppose 0 = -3*n + 9, -3*x + 2*n + 24 = n. Let i(z) = -z**3 + 9*z**2 - 4. Let q be i(x). Let w(h) = h**2 + 6*h + 2. Calculate w(q).
-6
Let w(j) be the third derivative of -j**5/60 + j**4/6 - 2*j**3/3 + 7*j**2. Give w(5).
-9
Suppose -3*n = -15 + 6. Let x(b) = 3*b**2 - 3*b - 3. Determine x(n).
15
Let b(c) = c - 4. Let r be (-10)/((12/(-4))/6). Let p be -10*(24/r)/(-2). What is b(p)?
2
Let k = 26 - 30. Let i(z) = -z - 1. Determine i(k).
3
Suppose 3*h - 2 = -m, -4*m - 3*h + 2*h + 19 = 0. Let u = -2 + 5. Let n(x) = 3*x**u + 3*x + 5*x**2 - 4*x**3 - 4*x. Calculate n(m).
-5
Let d(k) = -1110*k**2 + 1108*k**2 + 6*k**3 - k + 4*k**3. Let f(g) = g - 5. Let a be f(4). Let j = -2 - a. Calculate d(j).
-11
Let f(w) = -w + 4*w**2 + 1 + 0*w**2 - 5*w + w**2 - w**3. Give f(4).
-7
Let a(u) = 5*u + 0*u - 4*u + 4*u**2 + u. What is a(-2)?
12
Let s(n) = 8*n - 2. Let b(d) = -17*d + 4. Let i(v) = -6*b(v) - 13*s(v). Let u = -2 + 2. Suppose u*l + 6 = 2*l. What is i(l)?
-4
Let y(q) = -q**3 - q + 1. Let t be y(1). Let b(k) be the first derivative of 2*k**3 + k**2/2 + k - 2. What is b(t)?
6
Let t(b) = 2 + 23*b**3 + 4*b - 22*b**3 + 3*b + 7*b**2. What is t(-6)?
-4
Let u(l) = l**3 + 6*l**2 + 6*l + 5. Let o = -24 - -20. What is u(o)?
13
Let x(t) = 4 - 2*t + 5*t**3 - 5*t**3 - 2*t + 4*t**2 - t**3. Determine x(4).
-12
Let m(a) = a - 12. Let g(q) = 4*q - 36. Suppose -2*k - 5 + 1 = 0. Let o be 3 - (-3 + 4)*-4. Let u(h) = k*g(h) + o*m(h). Give u(0).
-12
Let w(b) be the second derivative of 2*b**3/3 + b**2/2 + 7*b. Give w(1).
5
Suppose 3*s = 2*s + 3. Supp